s = j + -7. List the prime factors of 2*s*3/2.
3
Let t(m) = -8*m**3 - 2*m**2 + m. Let s be t(1). Let a be 69/s + 6/9. List the prime factors of a*(-1*2 - -1).
7
Let m(q) = 3*q + 1. Let a(l) = -5*l - 2. Let d(b) = -b**3 + 8*b**2 - 9*b + 3. Let c be d(7). Let s(n) = c*m(n) - 6*a(n). What are the prime factors of s(-2)?
7
Suppose 4*m = -3*a - 25 + 4, -m + 1 = 2*a. Let j = 0 - m. Let d = j + 3. What are the prime factors of d?
2, 3
Let f(j) = 3*j**2 - 4*j - 8. List the prime factors of f(-5).
3, 29
Let a(g) = -g**2 - 7*g + 1. Let q be a(-5). Let l = -6 + 5. What are the prime factors of (q/(-4))/(l/4)?
11
Let r(f) = 10*f**2 - f - 2. List the prime factors of r(-2).
2, 5
Suppose 3*m + 2*v - 184 = 0, -m - 3*m + 4*v = -232. Suppose 0 = -2*z - 3*z + m. List the prime factors of z.
2, 3
Let s = -2 - -4. Let k(w) be the third derivative of w**6/120 - w**4/24 + w**3/6 + 5*w**2. List the prime factors of k(s).
7
Suppose -4*c - 3*g = -117, -c + 88 = 2*c + 2*g. Let m = c - 12. List the prime factors of m.
2, 3
Suppose 6*l = 3*l - 5*i + 525, -3*i + 525 = 3*l. List the prime factors of l.
5, 7
Let c = -17 - -17. Let z(w) = -w + 20. List the prime factors of z(c).
2, 5
Let a = 3 + 2. Suppose -l + g + 3 + 0 = 0, -8 = -a*l - 2*g. What are the prime factors of (-2 + 5)*(l + 3)?
3, 5
Let o = -62 - -35. Let k be 6/(-12) + o/(-2). Suppose -2*f - 7 + k = 0. What are the prime factors of f?
3
Let w(o) = -o**3 + 5*o**2 + 7*o + 1. Let k(f) = -f**3 + 3*f**2 + 2*f - 3. Let x be k(4). Let t = 17 + x. List the prime factors of w(t).
7
Let c be -1 - (-4)/((-12)/(-9)). Suppose 2 + c = 2*v. What are the prime factors of (-4 - -3)/(v/(-22))?
11
Suppose 4*o + d + d = 130, -3*d = -3*o + 84. Suppose 3*p - o = 59. List the prime factors of p.
2, 3, 5
Let n(z) = -z**3 + 3*z**2 + 3*z - 2. Let l be n(4). Let u = l - -6. List the prime factors of 15 + 0 + -1 + u.
2, 7
List the prime factors of (-51 - 0)*(12 - 13).
3, 17
Suppose -3*h + 2*h = -4*j + 7, 2*h - 2*j = -8. What are the prime factors of 3/(-2)*28/h?
2, 7
Let l(h) = -2*h**3 - 2*h**2 + 2*h + 1. Let d be l(-2). Suppose -169 = -d*c + 2*n + n, 5*n = -3*c + 81. What are the prime factors of c?
2
Suppose -7*u = -1043 - 455. What are the prime factors of u?
2, 107
Let u = 39 - 65. Suppose 0 = -4*l - 69 + 217. Let q = l + u. List the prime factors of q.
11
Let i(l) = l - 5. List the prime factors of i(12).
7
Let w(f) = -4*f - 20. List the prime factors of w(-14).
2, 3
Let c = 302 - -71. List the prime factors of c.
373
Let j(x) = -11*x**2 - 21*x + 25. Let l(m) = 7*m**2 + 14*m - 17. Let p(r) = -5*j(r) - 8*l(r). What are the prime factors of p(-8)?
3
Suppose 5*x - 235 = -5*k, 3*k - 241 = -2*k - 3*x. What are the prime factors of k?
2, 5
Let d(j) = -j - 6. Let m be d(-9). Suppose -z = 1 - m. Suppose -2*o - 2*g + 15 = 1, z*o - 29 = -5*g. List the prime factors of o.
2
Suppose -13 = -4*b - w, -2*w + 7 + 3 = 4*b. Suppose 0 = -5*d, -6*c + 10 = -c + b*d. List the prime factors of c.
2
List the prime factors of 23/((3/2)/3).
2, 23
Let z be ((-8)/3)/((-2)/(-6)). Let i be (-1)/2 + (-604)/z. List the prime factors of i/9 - 2/(-3).
3
Suppose a - 84 = -3*a. Suppose 0*p = -3*p + a. List the prime factors of 37/p + 2/(-7).
5
Suppose 4*q = -3*d + 142 + 82, 112 = 2*q - 2*d. Suppose 4*s - t = q, -4*t - 12 = -t. Let r = s + -9. What are the prime factors of r?
2
Suppose -u + 139 = -116. What are the prime factors of u?
3, 5, 17
Let m(w) = 2*w**2. Let r be m(-2). List the prime factors of 2/((3 - 2)/r).
2
Let s(l) = 2*l**3 - 10*l**2 - 19*l + 7. Let x(a) = 3*a**3 - 10*a**2 - 20*a + 8. Let q(v) = -4*s(v) + 3*x(v). What are the prime factors of q(-7)?
31
Suppose -4*u + 5*m + 184 = -86, 0 = u - 3*m - 71. What are the prime factors of u?
5, 13
Let r = -356 + 512. What are the prime factors of r?
2, 3, 13
Let k(d) = d**3 + 2*d**2 + 16*d - 17. List the prime factors of k(6).
367
Let f(j) be the first derivative of -j**4/4 + 4*j**3/3 + 2*j - 1. Let y(i) = i - 4. Let g be y(6). List the prime factors of f(g).
2, 5
Suppose -u = 2*x, -2*u + u - 2 = 4*x. Suppose 0 = 2*m + u*m - 64. List the prime factors of ((-26)/8)/((-4)/m).
13
Let g = 42 + 113. List the prime factors of g.
5, 31
Let t(s) = s**2 + 7*s + 5. Let i be t(-7). Suppose 14 = i*m - 236. What are the prime factors of 4*(m/4)/5?
2, 5
Let i = 200 - 118. List the prime factors of i.
2, 41
Let u be -3 + 0 + 0 + 2. List the prime factors of (-122)/(-6) + u/3.
2, 5
Let c(v) = -4*v**3 + v**2 + 4*v + 2. What are the prime factors of c(-1)?
3
Suppose 5*t - 3 = 7. Suppose 10 + 4 = t*l. List the prime factors of l.
7
Suppose 2*q = 3*q - 16. List the prime factors of q.
2
Suppose -2*i + 3*t = t - 94, -2*i = 4*t - 100. Suppose 2*f - i = -2*f. Suppose -f = 3*n - 5*n. What are the prime factors of n?
2, 3
Let g = 67 + -40. Suppose 0 = 4*i - 5*i - 17. Let d = g + i. What are the prime factors of d?
2, 5
Let r = 5 + -3. Let t = r - -3. Let i = 7 - t. What are the prime factors of i?
2
Suppose -3*h + 3 = 3*x + x, -2*h + 19 = -3*x. Let s be x*(-4)/(-6) + 7. Suppose -75 = -s*y - 0*y. What are the prime factors of y?
3, 5
Let u(r) = -2*r + 3. List the prime factors of u(-6).
3, 5
Let i = -2 - -6. Suppose 3*a = i*a - 8. What are the prime factors of a?
2
Suppose 3*u = 1 - 4. Let t(o) = o + 1. Let f(p) = p**2. Let c(r) = u*f(r) + 4*t(r). List the prime factors of c(3).
7
Suppose -87 + 6 = -3*d. List the prime factors of d.
3
Let h(m) = 48*m**2 + 2*m - 1. Let u be h(1). Let z = u + -33. Let y = z - 9. List the prime factors of y.
7
Suppose -4*r - 4*n - 96 - 12 = 0, 0 = -3*r - n - 75. Let v = -16 - r. Suppose -b + 3*a + v = 0, -b + 0*a + 8 = 3*a. List the prime factors of b.
2
Let j(y) = y**2 - 21*y + 48. List the prime factors of j(19).
2, 5
Let m(g) = g**3 + 11*g**2 + 10*g - 5. Let a be m(-10). What are the prime factors of -47*(1 + a + 3)?
47
What are the prime factors of (2 - (-1077)/12)*(1 + 3)?
367
List the prime factors of (2 + -29)*(-16)/6.
2, 3
Let o = 3 + -3. Suppose o*b + 4 = -b. Let w(h) = -h**3 - 4*h**2 - 2*h + 4. What are the prime factors of w(b)?
2, 3
Let n = 14 + 19. What are the prime factors of n?
3, 11
Let f = 16 - -13. What are the prime factors of f?
29
Suppose -6*l + 4*l + 18 = 0. Suppose -3*d - l + 1 = -x, 5*x - 70 = 5*d. What are the prime factors of x?
17
Let w(a) = -a**2 + 11*a - 9. Let l be w(12). Let r = l - -32. What are the prime factors of r?
11
Let w = -9 + 7. List the prime factors of (-22 - (-4 - w))/(-2).
2, 5
Let u = 1 + 9. Suppose -3*y + 1 = 5*w + u, w = 5*y + 15. Suppose 2*t = -w*t + 6. List the prime factors of t.
3
Suppose -5*d - 300 = -10*d. Suppose -5*o = -0*o - d. What are the prime factors of o?
2, 3
What are the prime factors of (-96 - 0)/((-9)/6)?
2
List the prime factors of 1 + -1 + -11 + 39.
2, 7
Suppose -2*t = -l - 110, l + 379 - 159 = 4*t. List the prime factors of t.
5, 11
Let y = 9 - 19. Let b = y + 23. List the prime factors of b.
13
Let v(r) = r**2 - r + 2. Let c be v(-2). Let j = 7 + c. Let p = j + -8. What are the prime factors of p?
7
Let i = -525 - -800. List the prime factors of i.
5, 11
Suppose 0 = -2*p - 10 + 68. What are the prime factors of p?
29
Let i = 181 + 7. List the prime factors of i.
2, 47
Suppose -4*j = -5*h + 13, -3*h + 1 = -2*j - 8. Suppose 2*p - 45 = -j*p. What are the prime factors of p?
3
Suppose 3*f = 3*s - 1101, 4*s - f + 5*f - 1428 = 0. List the prime factors of s/7 + (-10)/(-35).
2, 13
Suppose -21*o + 408 = -17*o. List the prime factors of o.
2, 3, 17
Let p(l) = -l + 8. Let b be p(6). Let t(i) = i + 9 + i**b - 8*i + 0. What are the prime factors of t(7)?
3
Let o(q) = 12 + q**2 - 13*q - q + q. What are the prime factors of o(13)?
2, 3
Let c = -14 + 8. Let g(h) = -2*h**3 + 6*h**2 - 11. Let u(r) = r**3 - 6*r**2 + r + 10. Let v(o) = -2*g(o) - 3*u(o). List the prime factors of v(c).
2, 5
Let c = 9 - 3. Let b = 4 + c. What are the prime factors of b?
2, 5
Let q be (2/2)/1 - -2. Let n(x) = x + 6. Let k be n(-6). Suppose -q*p + 3 + 6 = k. What are the prime factors of p?
3
Suppose -3*r = -5*i + 115, -75 = -4*i - r - 0. Suppose -5*o - 4 = -19. Suppose o*j = j + i. What are the prime factors of j?
2, 5
List the prime factors of 434/10 - 10/25.
43
Suppose 2 = -f + 11. What are the prime factors of 2*(f - 3) + -2?
2, 5
Let h be 2/(-5) - (-17)/5. What are the 